tor of n and b.
4
Let m = 13 + 0. Let i = 9 + m. Calculate the greatest common divisor of i and 198.
22
Let b be (0/5)/((-1)/(-1)). Let p be (-1 - -2) + (b - -2). Suppose 2*s + p*f = -1, 10*f + 46 = 3*s + 5*f. What is the greatest common factor of s and 77?
7
Suppose -3*m + 12 = -0*m. Suppose -o + 14 = 3*d - 23, -m*d + 2*o = -46. Suppose -153 = -3*f - 9. What is the highest common divisor of f and d?
12
Let w = -5 + 5. Suppose w = -3*g + 4*g. Suppose -x + 190 - 36 = g. Calculate the greatest common divisor of x and 14.
14
Suppose 3*n + 2*h = 2*n + 56, 4*h = -4*n + 208. Let x = 3 + 9. Calculate the greatest common divisor of n and x.
12
Suppose 0 = -y - 4*c - 0 - 2, 0 = 5*y + 2*c - 8. Let h be (65 - 4)*2/y. Suppose 4*j - 3 = h. What is the highest common divisor of 2 and j?
2
Suppose -4*t = -v + 7, -4*t - 10 = -2*v - 0*v. Suppose 0 = 4*b - b. Let a = b + v. What is the greatest common factor of a and 12?
3
Suppose -q + p = -8, 12 = 3*p - 7*p. Suppose -q*u + 19 = -d, d + 6 = 2*u - d. What is the greatest common factor of 44 and u?
4
Let k be 3*4/((-12)/(-3)). What is the greatest common divisor of 1 and k?
1
Let z(a) = -2*a**3 + 16*a**2 - 11*a + 31. Let n be z(7). Calculate the highest common divisor of 182 and n.
26
Let z(i) = i**2 + 4*i. Let k(c) = c**3 - 6*c**2 - 5. Let y be k(6). Let f = y + 0. Let d be z(f). What is the greatest common factor of d and 15?
5
Suppose -y + 26 = -n, 6*y - 2*y - 116 = -2*n. Calculate the highest common factor of 42 and y.
14
Let w = 36 - 43. Let q(m) = -2 - m**3 + 9*m**2 + 2*m**3 - 3 - 6*m. Let j be q(w). What is the highest common divisor of 15 and j?
15
Suppose 4*q + 4 = 4*z, 4*q - 2*q + 4*z = 28. Let t be (-2)/8 + 397/q. Let h = 15 - 4. Calculate the highest common divisor of h and t.
11
Let z be (-1)/(-3) - 752/(-12). Let t = z + 17. Let d be t/15*3/2. Calculate the highest common factor of 12 and d.
4
Suppose -51 = -3*u - 3*x, -2*x = 2*u + u - 54. Suppose 0 = -4*p + u. Suppose 10 = -p*t + 100. What is the highest common factor of t and 90?
18
Suppose 2*b + 17 = 107. Calculate the highest common factor of 9 and b.
9
Let w = -45 - -65. What is the greatest common factor of 4 and w?
4
Let s = -1 - 5. Let p be (-2)/s - 2/(-3). Let h be -2*p/2 + 9. What is the highest common divisor of 72 and h?
8
Let k be (-1)/(-2) - 6/4. Let m be (5/1)/(k/(-1)). Suppose 19*q - 20*q + 15 = 0. Calculate the greatest common divisor of m and q.
5
Let d be (0/(3 - 2))/(-2). Suppose d = -s - 0*s + 2. Let r be 2 + 18/s - 0. What is the greatest common factor of r and 11?
11
Let x = 150 + -80. What is the highest common divisor of x and 10?
10
Let q be 2712/20 - (-4)/10. Calculate the highest common divisor of 17 and q.
17
Let t be 3 - (4 - 3 - 4). What is the greatest common factor of t and 66?
6
Let y = 32 + -16. What is the highest common factor of 8 and y?
8
Suppose 3*n = 5*k - 72 - 172, -90 = -2*k + 5*n. Let d = k - 29. Suppose -5*l = -239 - d. Calculate the greatest common factor of 13 and l.
13
Suppose -5*a - m = -100, 0*m = -a - 3*m + 34. Suppose -3*w + v = -95 + 36, -3*w = 5*v - 47. Calculate the highest common divisor of w and a.
19
Let b(w) = w**2 - 2*w + 2. Let p be b(-4). Let y be -2 - (2 + (-2)/(-2)). Let x = 18 + y. What is the highest common divisor of x and p?
13
Let u be (176/12)/(1/15). Let r(q) = 6*q + 4. Let d be r(6). Let k be (d/32)/(1/16). What is the greatest common divisor of u and k?
20
Let x(v) = v**2 - 28*v + 24. Let l be x(28). Calculate the highest common factor of 8 and l.
8
Suppose 5*r = -3*f - 3 + 8, -r + 4*f = 22. Let i(k) = 6*k + 4. Let m be i(-3). Let h be (r*1)/(4/m). Calculate the greatest common factor of 77 and h.
7
Let x(z) be the third derivative of -9*z**4/8 + z**3/6 + 2*z**2. Let l be x(-1). What is the greatest common factor of 308 and l?
28
Let m = 18 - 10. Suppose 5*r + 2 + m = 0. Let d = r + 10. Calculate the highest common factor of 20 and d.
4
Let u(f) = 5*f**2 + 8*f - 7. Let p be u(-5). What is the greatest common divisor of p and 39?
39
Suppose -5*l = -l - 104. Suppose 0 = 5*f - 0*f, -p + 65 = 4*f. What is the greatest common divisor of l and p?
13
Suppose -2*s + 22 = 4. Let a(q) = q - 3. Suppose -3*c + 30 = -4*m, 0 = -2*m - 6 - 0. Let g be a(c). What is the greatest common factor of g and s?
3
Let a = -13 + 18. Suppose -33 = 2*n - a*n. Let l = -41 - -63. Calculate the greatest common divisor of l and n.
11
Suppose -y = b + 133, 0 = b - 3*b + 4*y - 260. Let q = -72 + 24. Let x = q - b. Calculate the greatest common factor of 56 and x.
28
Let l(d) = -17*d - 1. Let c = 15 - 18. Let w be l(c). What is the highest common divisor of 10 and w?
10
Let p(x) = 20*x**3 - 2*x**2 + 5*x - 4. Let n be p(1). Suppose u + 225 = -0*h + 2*h, -5*h + 555 = -5*u. What is the highest common divisor of h and n?
19
Suppose -p + 7 = 2. Suppose 4*y + 2*b = -38, 3*b = p*y - 10 + 30. Let q = y + 10. Calculate the greatest common divisor of 3 and q.
3
Suppose 0 = -x + 2*x - 12. Let z(v) = v**2 + 8*v + 5. Let a be z(-7). Let u be -1 - (169 + 1)/a. What is the greatest common factor of x and u?
12
Suppose 0 = 3*o - 2 - 4. Suppose o + 6 = 8*a. Let u = 2 + -1. Calculate the greatest common divisor of u and a.
1
Suppose -4*m = 7 - 23. Suppose -5*t + 5 + 5 = 0, 0 = 5*r + 2*t - 24. Calculate the highest common divisor of r and m.
4
Let o(n) = -n**2 + 8*n + 1. Let w be o(4). Calculate the greatest common factor of 68 and w.
17
Let a = 29 + -13. Calculate the highest common divisor of 80 and a.
16
Let a = -96 + 55. Let m = a - -77. Calculate the greatest common factor of m and 144.
36
Let i be 49/4 + (-2)/8. What is the greatest common divisor of i and 132?
12
Let o = 2 + 4. Suppose 0 = 5*d - 0*d - 120. Calculate the highest common divisor of o and d.
6
Let x be (-3)/(-4) + (-1159)/(-76). Calculate the greatest common divisor of x and 64.
16
Suppose 0*q + w = 3*q - 20, -w - 36 = -5*q. Suppose f - 24 = 4*d, -5*f = -d + 5*d. Let a = d + q. What is the highest common factor of a and 3?
3
Let t(d) = d + 6. Let k be t(-8). Let j be (5/k + 1)*-4. Suppose -4*q + 4 + j = 3*b, -4 = 2*b. What is the greatest common factor of 20 and q?
4
Suppose 4*j + 0*j = 256. Suppose -44 = -2*d - 3*s, -2*s = -2*d - 4*s + 40. What is the highest common factor of d and j?
16
Let b = 10 - 6. Calculate the greatest common divisor of 6 and b.
2
Let t = -15 + 3. Let u be ((-12)/8)/(2/t). What is the highest common divisor of 27 and u?
9
Suppose -4*m - 75 = -5*i, -4*m + 0*m + 30 = 2*i. Calculate the greatest common factor of 135 and i.
15
Let m be 6 - (-9)/(-6)*-2. Calculate the greatest common divisor of m and 90.
9
Let t = -59 + 150. Suppose 0 = 3*m + 3*i - 18, 6 = -i + 11. Let z be ((-13)/4)/(m/(-4)). Calculate the highest common divisor of t and z.
13
Suppose 0 = u + 2*u + 36. Let x = 3 - u. What is the highest common divisor of 60 and x?
15
Suppose 2*r + 198 = 5*r. Let f = 0 - -3. Suppose 12 = -h + f*h + 5*i, 3*h = 5*i + 18. Calculate the greatest common divisor of h and r.
6
Suppose -154 = -o - 0*o. Let p be 234/13 - (0 + 4). Calculate the greatest common factor of p and o.
14
Suppose 0 = -3*a - 4*v + 452, 4*v - 300 = 2*a - 4*a. What is the greatest common factor of a and 19?
19
Suppose 3*k = -4*v + 55, 4*v - 2*k - 52 = -6*k. What is the greatest common divisor of 144 and v?
16
Suppose 0 = -10*z + 228 + 332. Calculate the highest common divisor of z and 224.
56
Let z(t) = -t**3 - 5*t**2 - t + 1. Let n be z(-5). Calculate the greatest common divisor of 12 and n.
6
Let l = -28 + 29. Calculate the greatest common factor of l and 5.
1
Suppose 3*t - 3*i = 42, -4*t - 9 = 2*i - 47. What is the highest common factor of 11 and t?
11
Suppose -2*c + 4 = -12. Suppose -6*y + 10*y - 48 = 0. Calculate the greatest common divisor of c and y.
4
Suppose 36 = 2*h - 3*j, -3*h + 3*j + 59 = 5. What is the greatest common factor of h and 144?
18
Let o be 3 + (3 - (5 - 2)). Calculate the highest common divisor of o and 12.
3
Let l = -12 - -18. Let x(f) = f**2 - 3*f - 12. Let a(b) = 1. Let r(u) = 5*a(u) + x(u). Let c be r(l). Calculate the greatest common divisor of c and 99.
11
Let n be (-4 - -2)*(-2 - 0). Suppose 2*i + 6 - n = 0. Let k be -1*(i*10 + 2). What is the greatest common factor of k and 4?
4
Suppose 2*m = 8, t = 3*t + 2*m - 14. Suppose -t*s - 7 = -31. Wh